 3*t**2 + 16*t - 100. Let z(c) = c**2 - c. Let o(s) = -d(s) + 4*z(s). Let b be o(13). What is the greatest common factor of 117 and b?
9
Suppose -3*g = -135*b + 139*b - 196, 2*b = -3*g + 98. Calculate the highest common divisor of b and 63.
7
Let a(s) = s + 12. Let m be a(-7). Let h(t) = 17*t**2 - 3*t + 2. Let o be h(2). Suppose o - 9 = m*d. What is the highest common factor of 33 and d?
11
Let s = 48 - 49. Let m = s - -10. Suppose -4*g + 5*i = -27, 0 = -10*g + 9*g + 2*i + m. Calculate the greatest common divisor of 3 and g.
3
Suppose -691 - 5405 - 4266 = -157*y. What is the greatest common factor of y and 10362?
66
Suppose 72 = 4*o - 40. Let d = -1538 - -1916. What is the highest common divisor of o and d?
14
Let l = -53 - -117. Calculate the highest common divisor of 288 and l.
32
Let u(z) = -z**3 + 142*z**2 - 303*z - 465. Let s be u(139). Calculate the greatest common divisor of s and 9.
9
Suppose -16*n = -19*n - 33. Let a be 2/(-11) + 0 - 13/n. Calculate the highest common divisor of a and 21.
1
Suppose -7*i = -3*i + 3*m - 1820, -5*i - 9*m = -2254. Calculate the greatest common divisor of 2 and i.
2
Let x be 45 + -42 - (-2 + 0). Suppose 4*u - 321 = 5*v + 16, x*u + 5*v = 455. What is the greatest common factor of u and 77?
11
Let r be (-128*(-18)/60)/(1/(134 + 1)). Calculate the highest common divisor of 64 and r.
64
Suppose 4*b - 86 = -0*g - 5*g, 0 = -3*g - 2*b + 50. Let x be (1/2)/(g/9772). Let u = x - 119. What is the greatest common factor of u and 92?
46
Suppose 155 = -4*c + 3123. Suppose 5*t + 5 - 2 = 2*q, 2*t = 2*q - 18. What is the greatest common factor of c and q?
14
Let r = 35650 - 22719. Calculate the highest common factor of 335 and r.
67
Let h = -5597 - -9689. Calculate the greatest common divisor of 22 and h.
22
Let p(t) = t**3 - 5*t**2 - 442*t + 78. Let j be p(24). Calculate the highest common divisor of j and 2208.
138
Let u(g) = 2*g + 66. Suppose 0 = -8*a - 35 - 21. Let i be u(a). What is the highest common factor of 26 and i?
26
Let l be (11/9 - 1) + (-4984)/801. Let m be ((-4)/l)/(2/90). What is the greatest common divisor of m and 9?
3
Let p = 292 - 307. Let l = -40 - -79. Let y = l + p. Calculate the highest common divisor of y and 8.
8
Let w = 85 + -67. Let t(k) = k**3 - 14*k**2 + 2. Let x be t(14). Suppose x*p = 43 + 209. What is the greatest common factor of p and w?
18
Suppose r - 43 = -4*c + 90, 182 = 5*c - 4*r. Let g = 7 - 7. Suppose -2*k + 2*s + 38 = 0, g = -2*k + s - 19 + 55. Calculate the highest common factor of c and k.
17
Let s(h) = -7*h**3 + 52*h**2 + 228*h + 12. Let r be s(-4). What is the highest common factor of 855 and r?
95
Suppose -111*t + 115*t - 16 = 4*b, 2*t + 4*b - 20 = 0. Suppose 0 = -t*g + 31*g - 350. Calculate the highest common divisor of 70 and g.
14
Let x = 31822 - 25086. Calculate the greatest common divisor of x and 8.
8
Let c = 134 + -52. Let f = c - 77. Suppose f*h + 3*q - 390 = 2*h, -3*h + 4*q = -425. Calculate the greatest common factor of 15 and h.
15
Let z(g) = 489*g - 44. Let y be z(-4). Let x = -1217 - y. Calculate the highest common factor of x and 27.
27
Let i(o) = 275*o - 45. Let j be ((-5)/(-4))/((-145)/(-116)). Let b be i(j). Calculate the highest common factor of b and 10.
10
Suppose 4700 + 961 = 17*h. Suppose -17*j + h + 279 = 0. Calculate the greatest common factor of j and 198.
18
Suppose -2*q = -2*c - 5412, -3*c - 8411 - 5119 = -5*q. What is the greatest common divisor of 11 and q?
11
Let x(c) = -473*c - 1391. Let p be x(-28). What is the greatest common factor of 27 and p?
27
Suppose 2*w = 4*w, -4*w = 5*h - 650. Suppose c - 5*s + 0*s - 83 = 0, -2*s = 2*c - h. Let t = 543 + -509. Calculate the greatest common factor of c and t.
34
Let l(c) = 11*c + 186. Let y be l(-17). Let n be (663 - -1 - -3)*(y - -2). What is the highest common factor of 23 and n?
23
Suppose -5 = 4*w - 4*p + 7, -5*p + 21 = -2*w. Suppose -12 = 2*y - 8*y. Suppose d = -3, -m - y*d + 0*d - 5 = 0. Calculate the greatest common divisor of w and m.
1
Suppose -a - k = -11, 0 = 2*a + 160*k - 155*k - 31. Suppose 2*v - 6 = 0, 4*q - 25 - 5 = -2*v. What is the greatest common divisor of a and q?
2
Suppose 0 = 14*k + 22184 - 24242. Suppose 0 = -4*n + 335 + 449. What is the greatest common divisor of k and n?
49
Let i be (0 + 336)/(48/48) + 5. Calculate the highest common factor of 248 and i.
31
Let r be 4/(112/14469) + 33/(-44). Calculate the highest common factor of 387 and r.
129
Let x = 10 + 1. Let f be ((-2)/(-2))/(88 + 723013/(-8217)). What is the highest common divisor of f and x?
11
Let l = 19479 + -18541. What is the greatest common divisor of 28 and l?
14
Let n = -124 + 127. Suppose -n*d = -6*d, -3*d = -3*h + 540. What is the greatest common divisor of 5 and h?
5
Suppose -3*j + 11*p - 7435 = 6*p, p = 3*j + 7415. Let s be (-108)/252 + j/(-14). Calculate the highest common divisor of 16 and s.
16
Let w = 2932 - 2931. Calculate the greatest common divisor of w and 636.
1
Let w be (7256/160 - 2/(-5))/((-300)/(-800)). Calculate the greatest common factor of 81862 and w.
122
Let t be (-6)/(-8)*234*20/3. Let n be t/13*(-10)/(-4). Calculate the highest common divisor of 25 and n.
25
Let s = 93 + -95. Let c be (4 - 109)*1/(3/s). Calculate the highest common factor of c and 60.
10
Suppose x = -3*j + 48, 3*j + 4327*x - 60 = 4328*x. What is the highest common factor of 1233 and j?
9
Let j = -675 + 1031. Suppose 5*u = u + j. Suppose 4*f - 5*z - 107 = 0, f + 2*z + u = 4*f. Calculate the greatest common factor of f and 66.
33
Let j(s) = 51*s**2 - 15*s - 59. Let m be j(-4). Calculate the highest common divisor of m and 86.
43
Let k be (-45)/(-2) + (-2)/(-4). Let m(x) = -436*x - 9431. Let y be m(-22). Calculate the highest common factor of k and y.
23
Suppose 142 = 23*h - 21*h - 4*y, 3*y - 114 = -2*h. What is the greatest common factor of 119 and h?
7
Let p be ((1 - 1)/5)/(-2). Let q(r) = -14*r + 518. Let h be q(p). Calculate the highest common divisor of h and 74.
74
Let l(d) = 22*d - 486. Let v be l(39). What is the highest common factor of 279 and v?
93
Suppose 7*q = 6*q + 1. Let d be q/((78/(-12))/(-13)). Calculate the greatest common divisor of 1 and d.
1
Let j be (-4)/(-26) + (-693)/(-143). Suppose i + 2*p = -2*p + 24, 0 = 4*i + j*p - 52. What is the greatest common divisor of i and 400?
8
Let z(w) = -w**3 - w**2 - 6*w - 5. Let v be z(-5). Let c(p) = -26*p**2 - 192*p + 5. Let s be c(-7). Calculate the greatest common divisor of s and v.
25
Let q be (-2)/((-2)/390*3). Let f be 3/(-2 + 3 + 0). Suppose -s + 21 = -0*s + p, s - 11 = -f*p. What is the greatest common divisor of q and s?
26
Suppose 0 = 2*k - 3*b - 754, 13*b - 758 = -2*k + 18*b. What is the highest common factor of 242 and k?
22
Let g(b) = 18 - b**2 - 8*b**2 - 60*b - 13*b**2 - b**3 + 0*b**2. Let t be g(-19). Calculate the greatest common divisor of t and 825.
75
Suppose 3*n - 12 = -5*f, -4*f + 8 = 4*n - 8. Suppose n*y - 475 = -5*i + 152, -2*i = y - 249. Calculate the highest common divisor of i and 41.
41
Let y = 17 + -10. Suppose 0 = 103*x - 30064 + 3387. Calculate the greatest common divisor of x and y.
7
Suppose -12672 = -9*g + 7*g + u, 0 = 7*g + 3*u - 44339. Calculate the highest common factor of 70 and g.
35
Suppose 102*w = 94*w + 1912. What is the greatest common factor of w and 1?
1
Let y be 44 + (-100)/((-100)/(-10)). Calculate the highest common divisor of 18 and y.
2
Suppose 69*a = 234*a - 472560. Calculate the highest common divisor of 112 and a.
16
Suppose -5*u = 3*g + 843 - 2279, 5*u - 2*g = 1426. Suppose 451*i - 6536 = 5142 + 48. What is the highest common divisor of u and i?
26
Let m(g) = g**3 + 29*g**2 - 227*g - 42. Let y be m(7). What is the greatest common factor of y and 3990?
133
Suppose 36*b - 5097 = 34*b + 5*l, 5*b + 2*l = 12786. Calculate the highest common divisor of 72 and b.
36
Suppose 0 = 4*q + 5*h - 156, -3*h + 43 = 4*q - 121. Let w = 12 + q. Suppose -5 = 3*d - w. Calculate the highest common divisor of d and 68.
17
Let h(z) = z**3 + 3*z**2 + 11*z + 6. Let g be h(-9). Let u be (18/24)/(-3) + g/(-12). What is the greatest common factor of 32 and u?
16
Suppose -4*v + 469 = -5*k, -23 = 5*k - 18. What is the highest common divisor of 377 and v?
29
Let w = -3967 - -4147. What is the highest common divisor of w and 336?
12
Let a = 